17. Give o(53).
151
Let j(t) = -2*t**2 - 3759*t + 383445. What is j(97)?
4
Let i(y) = -5319*y**3 - 26601*y**2 - 10*y - 16. Calculate i(-5).
-116
Let x(u) = u**2 - 151*u - 10790. Determine x(-49).
-990
Let g(z) = 24*z**2 + 1297*z - 88. What is g(-54)?
-142
Let x(l) = -5*l**3 - 633*l**2 - 5723*l + 5. What is x(-9)?
3884
Let b(g) = -1535*g + 423579. Calculate b(276).
-81
Let d(z) = 6*z**2 + 1025*z - 496. Calculate d(-171).
-325
Let g(m) = -6*m**3 - 18*m**2 + 169*m + 402. Give g(-2).
40
Let u(k) = k**3 - 200*k**2 - 2101*k + 231. Calculate u(210).
21
Let m(a) = -229*a - 8210. Calculate m(-33).
-653
Let q(b) = -b**2 + 446*b + 9303. Calculate q(-20).
-17
Let a(b) = 3285*b - 7457. What is a(2)?
-887
Let f(m) = 7600*m + 91176. Determine f(-12).
-24
Let m(k) = 9*k**2 + 618*k + 3595. Determine m(-62).
-125
Let l(n) = 140*n**3 + 100*n**2 - 86*n - 5. Determine l(1).
149
Let w(j) = j**3 + 97*j**2 + 470*j + 747. Give w(-92).
-173
Let w(o) = 149*o**2 - 1237*o + 201. Calculate w(8).
-159
Let c(p) = -92*p**2 - 208*p - 14. Give c(-2).
34
Let d(m) = -256*m + 70655. Determine d(276).
-1
Let n(j) = -105607*j - 422597. Calculate n(-4).
-169
Let p(r) = -r**3 - 46*r**2 - 498*r + 638. Calculate p(-21).
71
Let z(r) = -63571*r + 381398. What is z(6)?
-28
Let h(v) = -33637*v - 3767350. Determine h(-112).
-6
Let x(i) = 48*i**2 - 272*i + 21. Calculate x(5).
-139
Let f(w) = w**3 - 104*w**2 + 222*w + 8211. Give f(101).
30
Let w(l) = -1376*l**3 - l**2 + 1. What is w(-1)?
1376
Let o(k) = 3*k**2 + 720*k + 22502. Determine o(-33).
2009
Let v(j) = 4*j**2 + 43*j - 406. What is v(10)?
424
Let k(u) = u**3 + 204*u**2 + 663*u + 12067. Calculate k(-201).
7
Let g(w) = -372*w + 74124. Calculate g(203).
-1392
Let s(b) = -17053*b**2 + 102319*b. Calculate s(6).
6
Let k(b) = -65973*b + 197882. Determine k(3).
-37
Let j(i) = -4*i**2 + 3063*i + 76952. What is j(-25)?
-2123
Let k(s) = s**3 - 220*s**2 + 10479*s + 1452. Determine k(70).
-18
Let q(w) = 65*w + 1444. What is q(-15)?
469
Let l(h) = -1696*h - 20341. What is l(-12)?
11
Let q(y) = -31*y**2 - 1595*y + 8777. Determine q(5).
27
Let c(z) = -6375*z + 63711. What is c(10)?
-39
Let m(b) = b**3 + 32*b**2 - 27*b - 538. Determine m(-32).
326
Let k(l) = 1343*l - 14438. Give k(10).
-1008
Let c(y) = -y**2 + 61*y - 476. What is c(56)?
-196
Let r(x) = 4*x**3 - 88*x**2 - 4*x + 66. Calculate r(22).
-22
Let u(g) = 12524*g + 626192. Calculate u(-50).
-8
Let c(g) = -3*g**3 + 197*g**2 - 118*g - 418. What is c(65)?
362
Let y(q) = -7075*q + 127386. Determine y(18).
36
Let v(i) = -158306*i - 1899669. Calculate v(-12).
3
Let u(h) = -13151*h + 1209896. What is u(92)?
4
Let g(x) = x**3 + 46*x**2 + 40*x + 1883. Give g(-46).
43
Let j(s) = 5*s**2 - 87*s - 44. Calculate j(-13).
1932
Let i(r) = -2*r**3 - 12*r**2 + 1027*r + 7089. Determine i(-7).
-2
Let o(v) = 2*v**3 - 33*v**2 - 1074*v + 17379. Calculate o(16).
-61
Let f(d) = -15*d**2 - 737*d + 99. Give f(-49).
197
Let w(h) = -183*h + 18276. What is w(105)?
-939
Let w(a) = -4571*a - 18051. Determine w(-3).
-4338
Let o(f) = -9*f**2 + 36378*f - 36376. Calculate o(1).
-7
Let a(o) = 11445*o + 102289. Determine a(-9).
-716
Let z(f) = -15*f + 1000. Determine z(-24).
1360
Let i(y) = -y**3 + 105*y**2 + 3974*y + 29690. Give i(-11).
12
Let a(y) = 13*y**3 - 5499*y**2 - 7*y + 2941. Calculate a(423).
-20
Let y(m) = -88*m**2 + 1056*m + 5314. What is y(-5)?
-2166
Let b(u) = -7*u**2 + 987*u - 684. Determine b(141).
-684
Let y(v) = 81*v - 6965. Calculate y(77).
-728
Let w(u) = -24*u**2 - 4281*u - 25654. Calculate w(-6).
-832
Let d(c) = -3781*c - 98091. Determine d(-26).
215
Let h(n) = -n**2 - 1149*n + 47591. What is h(40)?
31
Let a(j) = 3*j**3 - 6*j**2 + 4*j - 76. What is a(5)?
169
Let s(c) = -6*c**2 - 16*c + 94. Calculate s(2).
38
Let k(z) = -1683*z + 42245. Determine k(25).
170
Let s(g) = 3402*g + 19388. What is s(-6)?
-1024
Let s(f) = -309*f**2 + 4337*f - 147. Give s(14).
7
Let g(t) = -5*t**2 - 1782*t + 5353. What is g(3)?
-38
Let y(c) = -246*c - 14533. Give y(-51).
-1987
Let l(q) = -q**3 - 10*q**2 - 44*q - 88. Determine l(-5).
7
Let m(b) = 13*b**3 + 8*b**2 - 36*b + 16. What is m(3)?
331
Let o(s) = s**3 + 68*s**2 + 369*s - 162. What is o(-62)?
24
Let t(s) = 98456*s + 1181482. What is t(-12)?
10
Let p(z) = 2*z**3 - 205*z**2 - 210*z + 11037. Determine p(103).
16
Let w(k) = 64*k**3 - 1406*k**2 - 70*k + 572. Determine w(22).
0
Let i(c) = -319*c**2 - 301*c + 3827. Calculate i(3).
53
Let f(z) = -4305*z + 3887409. Calculate f(903).
-6
Let v(c) = 7275*c - 21830. Give v(3).
-5
Let i(v) = -5*v**3 + 110*v**2 + 529*v - 47. What is i(-5)?
683
Let p(q) = 103935*q + 103962. Give p(-1).
27
Let o(c) = -1718*c - 156126. Determine o(-92).
1930
Let n(o) = 3*o**3 - 138*o**2 + 13*o - 566. Calculate n(46).
32
Let a(p) = -p**3 + 105*p**2 - 1044*p + 723. Calculate a(94).
-217
Let y(k) = 128*k**2 - 416*k - 327. Give y(4).
57
Let u(v) = 215*v**2 + 2217*v + 666. Calculate u(-10).
-4
Let u(v) = v**2 - 28*v - 25681. Determine u(-148).
367
Let m(d) = -31*d**2 + 259*d - 1298. Calculate m(6).
-860
Let i(j) = 20947*j + 83628. What is i(-4)?
-160
Let m(w) = -94*w + 1914. Calculate m(5).
1444
Let v(g) = -44738*g - 1834239. Calculate v(-41).
19
Let q(y) = y**3 + 143*y**2 + 4238*y - 491. Calculate q(-101).
-87
Let k(z) = z**3 - 246*z**2 + 8979*z - 18377. What is k(202)?
5
Let v(q) = q**3 - 24*q**2 + 33*q - 98. What is v(17)?
-1560
Let g(a) = 2*a**2 + 61861*a + 432978. Determine g(-7).
49
Let b(w) = -42*w**2 - 22460*w + 67357. Calculate b(3).
-401
Let y(m) = -m**2 + 415*m + 19141. Give y(-41).
445
Let d(m) = -3*m**3 - 19*m**2 + 136*m + 957. Calculate d(-9).
381
Let a(i) = 2*i**2 - 83363*i + 416773. Give a(5).
8
Let r(d) = -105*d**2 - 528*d + 622. What is r(-6)?
10
Let l(x) = -2*x**2 + 35*x + 1028. Give l(-20).
-472
Let b(r) = 14427*r + 663627. What is b(-46)?
-15
Let p(i) = 1155*i + 93386. Determine p(-81).
-169
Let d(v) = 367*v + 233813. Determine d(-637).
34
Let t(g) = g**3 - 19*g**2 - 14*g + 288. Give t(15).
-822
Let o(s) = -2*s**2 + 124*s + 419. Calculate o(-8).
-701
Let w(r) = -11*r**2 - 70*r + 258. Calculate w(-13).
-691
Let m(b) = 77*b**2 + 1436*b + 1438. Determine m(-1).
79
Let o(m) = -743*m + 4439. Give o(5).
724
Let i(s) = 2057*s - 4753. What is i(2)?
-639
Let q(j) = -25854*j - 77564. Calculate q(-3).
-2
Let r(z) = z**2 + 2686*z - 3742454. Calculate r(1012).
-78
Let r(c) = c**2 + 93*c - 86505. Calculate r(-344).
-161
Let t(y) = -2*y**2 - 418*y + 10675. Give t(23).
3
Let o(t) = 6*t**3 - 326*t**2 - 11*t + 88. Calculate o(54).
-6338
Let p(v) = -93*v + 3598. What is p(34)?
436
Let g(y) = 23*y**2 + 364*y - 100. What is g(-16)?
-36
Let r(b) = b**3 - 11*b**2 + 29*b + 112. Give r(7).
119
Let l(h) = 843*h + 4035. Give l(-4).
663
Let v(a) = 7465*a - 283673. What is v(38)?
-3
Let i(p) = p**3 + 130*p**2 + 150*p + 2699. Determine i(-129).
-10
Let d(z) = -z**3 - 48*z**2 - 216*z - 35. Calculate d(-43).
8
Let x(o) = -23*o**2 - 775*o + 6558. Calculate x(7).
6
Let w(k) = -k**2 + 87272*k - 349066. Calculate w(4).
6
Let t(z) = z**2 + 730*z - 47265. What is t(60)?
135
Let z(n) = 145*n**3 + 144*n**2 + 15*n + 11. Calculate z(-1).
-5
Let m(l) = -l**3 + 297*l**2 - 10918*l - 163. Give m(43).
9
Let i(n) = 479076*n + 7186151. Give i(-15).
11
Let a(o) = o**3 - 374*o**2 - 693*o + 127. What is a(-2)?
9
Let i(a) = 35519*a - 319660. What is i(9)?
11
Let z(k) = -k**2 - 214*k + 88422. Give z(-423).
15
Let i(h) = -15*h**2 + 119*h + 18087. Calculate i(-31).
-17
Let b(a) = -2*a**3 + 9*a**2 - 89*a - 549. Calculate b(-6).
741
Let o(n) = -6*n**2 - 2241*n + 4500. Give o(2).
-6
Let d(w) = -w**3 - 867*w**2 - 2519*w + 62633. Give d(-864).
-439
Let d(v) = -28725*v + 113782. Calculate d(4).
-1118
Let i(a) = 2*a**3 + 18*a**2 - 63*a + 304. What is i(-12)?
196
Let w(s) = 25*s**2 - 305*s - 2531. What is w(19)?
699
Let z(v) = v**2 - 62*v - 491. Calculate z(70).
69
Let u(r) = 148*r + 5801. Calculate u(-43).
-563
Let r(f) = -52028*f + 884474. Determine r(17).
-2
Let z(d) = -7*d**3 + 158*d**2 - 503*d + 921. Determine z(19).
389
Let k(y) = 3*y**3 + 60*y**2 - 145*y + 40. Give k(-22).
326
Let a(y) = -2014*y - 126882. Give a(-63).
0
Let v(w) = -1512*w - 25551. Calculate v(-17).
153
Let q(z) = z**3 - 164*z**2 - 1131*z + 259817. What is q(161)?
-37
Let i(h) = h**3 + 6*h**2 + 120*h + 344. What is i(-3)?
11
Let t(s) = 